 by t/24 + (-1)/2?
3
Let h be 86/(-8) - (-1)/(-4). Let a be 5/4*(-23 - -11). Let j = h - a. What is the remainder when 11 is divided by j?
3
Let t(m) be the third derivative of m**4/12 - 4*m**3/3 + m**2. Calculate the remainder when t(7) is divided by 4.
2
Suppose -f + 4*a + 184 = 3*f, -2*f + a + 87 = 0. What is the remainder when f is divided by 27?
14
Suppose -p + 1 = -0*p. Suppose 6 = n - p. What is the remainder when 27 is divided by n?
6
Suppose 0*t + t - 3 = 0. Suppose -t*j + j = -10. Let b = 7 - -6. What is the remainder when b is divided by j?
3
Let v(p) = p**2 - 4. Let f be v(-3). Suppose f*a = -8 + 38. What is the remainder when (-52)/(-5) + (-2)/5 is divided by a?
4
Let b be (-2)/(-5) - (-36)/10. Suppose 5 = -b*d - 11. Let v = d + 16. What is the remainder when 22 is divided by v?
10
What is the remainder when 91 is divided by 23 + (-1)/1 + 1?
22
Suppose 92 = -z + 4*x, -5*x - 187 = 2*z - 42. Calculate the remainder when 17 is divided by (z/24)/((-2)/6).
7
Let c be (-48)/27 + (-4)/18. What is the remainder when -63*1/6*c is divided by 8?
5
Let j(s) be the third derivative of s**5/60 - s**4/24 + 3*s**3/2 - 4*s**2. Let f = 6 + -1. Calculate the remainder when j(0) is divided by f.
4
Let c(q) = q + 17. Let m be c(-8). Let b = m - -5. Calculate the remainder when b is divided by 8.
6
Let u(a) = 1. Let x(p) = -7*p + 2. Let z(r) = 3*u(r) + x(r). Let c be z(-5). Let w = c + -19. Calculate the remainder when 62 is divided by w.
20
Let g(u) = -u**2. Let m(j) = -j**2. Let p be -1 - (5 - 1) - -1. Let f(r) = p*m(r) + 3*g(r). What is the remainder when f(4) is divided by 6?
4
Suppose -8*d + 30 = -2*d. Calculate the remainder when 7 is divided by d.
2
Suppose -855 = -2*z - z. Suppose -2*q - z = 3*q. Calculate the remainder when q*3*6/(-27) is divided by 13.
12
Suppose -81 = -4*s + 3*s. Calculate the remainder when s is divided by 28.
25
Suppose -102 = -4*a - 0*a + 5*r, 3*r - 90 = -3*a. Suppose -5*q - 3*h = -3*q - a, -h = -2. What is the remainder when 32 is divided by q?
10
Let l be 3 - 1*(1 + 0). Let f(u) = u**2 + 6*u + 2. What is the remainder when f(-8) is divided by 2 + 1 - (-4 + l)?
3
Suppose 5*z - 24 = -4*x + z, -2*x + z + 12 = 0. Calculate the remainder when x is divided by (2 + 4 - 2)*1.
2
Let j = 3 + 35. Let l(a) = a**3 + a**2 + 2*a - 1. What is the remainder when (j/4)/((-1)/(-6)) is divided by l(2)?
12
Suppose 11 = -3*l - 1, 4*n + 5*l = -60. Let x = -7 - n. Suppose -4*i + 47 = 5*z, z + z - 28 = x*i. What is the remainder when 31 is divided by z?
9
Suppose 0 = 4*x - p + 5*p + 116, 2*x - p + 70 = 0. Let v = -23 - x. What is the remainder when v is divided by 6?
4
Suppose 3*c + 160 = 13*c. What is the remainder when 40 is divided by c?
8
What is the remainder when (20/4 - 6) + 34 is divided by 5*(24/10)/1?
9
Suppose 14 = -0*t - t. Let n = t - -25. What is the remainder when n is divided by 6?
5
Suppose 9*b - 125 = 4*b. Suppose -8*x + 4*x + 28 = 0. What is the remainder when b is divided by x?
4
Let s(o) = 4 - 2*o + 2*o - 2*o. What is the remainder when 53 is divided by s(-5)?
11
Let j(h) = h**2 - h + 19. Let m be j(0). Suppose 24 = 29*s - 32*s. Let b = s + m. What is the remainder when 41 is divided by b?
8
Suppose 31*i - 80 = 26*i. What is the remainder when 46 is divided by i?
14
Suppose -202 - 18 = 2*i. Calculate the remainder when (i/(-25))/((-2)/(-10)) is divided by 12.
10
Let f = 36 - 62. Let v = -18 - f. What is the remainder when 22 is divided by v?
6
Suppose -4*o + 1 = 4*d - 3, 20 = -4*d. What is the remainder when 11 is divided by o?
5
Let j(z) = 7*z**2 - 7*z - 6. Calculate the remainder when j(4) is divided by 20.
18
Suppose 4*t = -2*c + 10, -t - c - 11 = -3*t. Calculate the remainder when 4 is divided by t.
0
Suppose -9 = -2*s - s. Let o = s + 1. Calculate the remainder when o is divided by (-111)/(-39) + (-4)/(-26).
1
What is the remainder when 9 is divided by ((-32)/40)/((-4)/30)?
3
Calculate the remainder when 13 is divided by (-420)/(-54) + (-2)/(-9).
5
Suppose 2*w = 44 - 10. Let k(z) = 4*z**2 + z - 4. Calculate the remainder when 1*(w + (0 - -1)) is divided by k(-2).
8
Suppose 2*s = 44 - 16. Calculate the remainder when -6 - -3 - -32 - 3 is divided by s.
12
Let u = 10 - -8. What is the remainder when 4/u*3*9 is divided by 3?
0
Suppose -5*l + 112 = -l - 4*t, 28 = l - 2*t. What is the remainder when 53 is divided by l?
25
Suppose 77 = -2*y + 7*y - h, y - 4*h - 23 = 0. Calculate the remainder when y is divided by (-30)/(-25)*20/3.
7
Let t = 36 + -10. Suppose -2*p - 2*p + 1 = n, -4*n - 5*p = -t. Calculate the remainder when 16 is divided by n.
7
Suppose -k + 5*b - 2 = 0, 3*b - 84 = 4*k - 7*k. Calculate the remainder when k is divided by 12.
11
Let m(r) = r**2 + 4*r - 6. Let w be m(-6). Let q = -5 + w. Let f = 1 + q. What is the remainder when f is divided by 1?
0
Let t(n) = 2*n**2 - n - 1. Let p(y) = 5*y**2 - 2*y - 1. Let x(i) = 3*p(i) - 7*t(i). What is the remainder when x(-3) is divided by 3?
1
Suppose -h = -2*h - 31. Let r = h + 44. Suppose -m = -5*m - 3*w + 26, 19 = 3*m + 2*w. Calculate the remainder when r is divided by m.
3
Let r(h) = 4*h + 3*h - 4*h - 4*h. Let c be r(3). What is the remainder when 34 is divided by (-35)/c + (-2)/(-6)?
10
Let c = -29 - -54. Calculate the remainder when 49 is divided by c.
24
Calculate the remainder when 68 is divided by (-9 - -4)*(-1 - 6).
33
Let l = -21 + 23. Calculate the remainder when 6 is divided by l.
0
Let o(j) = j**2 - 9*j - 3. Let z = -1 - -11. Calculate the remainder when o(z) is divided by (-44)/(-10) - 2/5.
3
Let q be (-2)/(-5) + 8/5. Let d(f) = f**2 - 13*f - 45. What is the remainder when 10/(-3)*(-3)/q is divided by d(16)?
2
Let n be (-160)/(-30)*3/2. Suppose 0 = -3*h + 2*o + 40, 3*o - o = n. What is the remainder when 30 is divided by h?
14
Let x = 6 + -1. Let s(k) = 2*k**2 - 4*k + 7. Calculate the remainder when s(x) is divided by 10.
7
Let l(t) = t**3 + 6*t**2 - 6*t. What is the remainder when l(-5) is divided by 15?
10
Suppose -2*x = 5*i - 37, 2*x + 21 = 5*x - 4*i. Suppose 2*j + x + 7 = 4*b, -4*b = j - 9. What is the remainder when 8 is divided by b?
2
Let w(g) = 17*g + 6. Suppose q - 15 = 5. Calculate the remainder when w(3) is divided by q.
17
Let l = 32 - 3. Calculate the remainder when l is divided by 16.
13
What is the remainder when 5*-3*10/(-15) is divided by 3?
1
Let d(p) = -p**2 + 5*p + 5. Let m be d(6). Calculate the remainder when -2 - -45 - m - -2 is divided by 12.
10
Suppose 0 = 3*q + 2*s - 12, q - s = -1. Let y be 1/3*(-15)/(-5). Calculate the remainder when (5 - y)/((-6)/(-3)) is divided by q.
0
Let v(j) = j**2 + 9*j + 11. Calculate the remainder when v(-9) is divided by 4.
3
Let i(q) = 3*q**2 - 6*q - 2. Calculate the remainder when 261/6 + (-2)/4 is divided by i(4).
21
Let y be 0*(1 - 0)/(-2). Suppose y = 5*f + 16 - 66. Suppose -q - 51 = -4*q. Calculate the remainder when q is divided by f.
7
Suppose 0 = 2*z - 7*z + 10. Suppose 4*s - s - 114 = -z*d, 4*d = -4*s + 152. Calculate the remainder when s is divided by 13.
12
Suppose 0 = -2*k + 4*g + 42, -4*g - 84 = -4*k - 3*g. What is the remainder when 32 is divided by k?
11
Suppose -4*v - 12 = -6*v. Let a = v - 1. Suppose 2*j - 1 = -g, 4*g + 3 = -5*j - 2. What is the remainder when a is divided by j?
2
Calculate the remainder when 86/2 - (2 + 0) is divided by 14.
13
Suppose 5*c + 5 = 0, 5*v = -c - 0*c + 364. Calculate the remainder when v is divided by 11.
7
Let o be ((-2)/6*0)/2. Suppose 0 = p - 2*p + 3*n + 20, o = 2*p + 5*n + 15. Calculate the remainder when 7 is divided by p.
2
Suppose 0 = -6*k + k. Let l = k + 0. Suppose 5*w - 69 - 146 = l. What is the remainder when w is divided by 15?
13
Let t(o) = -o - 1. Let q(x) = x - 5. Let c(z) = q(z) - 4*t(z). Let a be c(2). Suppose 0 = -j + 9 + a. What is the remainder when j is divided by 10?
8
Let r(p) = 17*p - 1. What is the remainder when r(3) is divided by 20?
10
Suppose 4*d - 26 = 2*a, -2*a - 21 = -3*d - 0*a. What is the remainder when 38 is divided by d?
3
Suppose -3*u - 2*u - 27 = -4*b, -b - 4*u + 12 = 0. Calculate the remainder when 14 is divided by b.
6
Suppose 3*h + 28 = 4*j - 2*h, -2*j + 5*h = -4. Let t = 107 - 72. Calculate the remainder when t is divided by j.
11
Let c(v) = 3 + 6*v - 5 - 7 + 21*v. Let g be c(7). Suppose -9*n + g = -5*n. Calcula